{"id":283,"date":"2025-12-29T09:09:32","date_gmt":"2025-12-29T09:09:32","guid":{"rendered":"https:\/\/tekniktakim.org\/?page_id=283"},"modified":"2025-12-29T10:00:43","modified_gmt":"2025-12-29T10:00:43","slug":"belgelerimiz","status":"publish","type":"page","link":"https:\/\/tekniktakim.org\/?page_id=283","title":{"rendered":"BELGELER\u0130M\u0130Z"},"content":{"rendered":"\t\t<div data-elementor-type=\"wp-page\" data-elementor-id=\"283\" class=\"elementor elementor-283\">\n\t\t\t\t\t\t<section class=\"elementor-section elementor-top-section elementor-element elementor-element-58d7c7e elementor-section-boxed elementor-section-height-default elementor-section-height-default\" data-id=\"58d7c7e\" data-element_type=\"section\">\n\t\t\t\t\t\t<div class=\"elementor-container elementor-column-gap-default\">\n\t\t\t\t\t<div class=\"elementor-column elementor-col-16 elementor-top-column elementor-element elementor-element-06f7e01\" data-id=\"06f7e01\" data-element_type=\"column\">\n\t\t\t<div class=\"elementor-widget-wrap elementor-element-populated\">\n\t\t\t\t\t\t<div class=\"elementor-element elementor-element-1c18e89 elementor-widget elementor-widget-image\" data-id=\"1c18e89\" data-element_type=\"widget\" data-widget_type=\"image.default\">\n\t\t\t\t\t\t\t\t\t\t\t\t\t\t\t<img fetchpriority=\"high\" decoding=\"async\" width=\"724\" height=\"1024\" src=\"https:\/\/tekniktakim.org\/wp-content\/uploads\/2025\/12\/5-1-724x1024.png\" class=\"attachment-large size-large wp-image-298\" alt=\"\" srcset=\"https:\/\/tekniktakim.org\/wp-content\/uploads\/2025\/12\/5-1-724x1024.png 724w, https:\/\/tekniktakim.org\/wp-content\/uploads\/2025\/12\/5-1-212x300.png 212w, https:\/\/tekniktakim.org\/wp-content\/uploads\/2025\/12\/5-1-768x1086.png 768w, https:\/\/tekniktakim.org\/wp-content\/uploads\/2025\/12\/5-1-1087x1536.png 1087w, https:\/\/tekniktakim.org\/wp-content\/uploads\/2025\/12\/5-1-1449x2048.png 1449w, https:\/\/tekniktakim.org\/wp-content\/uploads\/2025\/12\/5-1.png 1654w\" sizes=\"(max-width: 724px) 100vw, 724px\" \/>\t\t\t\t\t\t\t\t\t\t\t\t\t\t\t<\/div>\n\t\t\t\t\t<\/div>\n\t\t<\/div>\n\t\t\t\t<div class=\"elementor-column elementor-col-16 elementor-top-column elementor-element elementor-element-8598292\" data-id=\"8598292\" data-element_type=\"column\">\n\t\t\t<div class=\"elementor-widget-wrap elementor-element-populated\">\n\t\t\t\t\t\t<div class=\"elementor-element elementor-element-59be919 elementor-widget elementor-widget-image\" data-id=\"59be919\" data-element_type=\"widget\" data-widget_type=\"image.default\">\n\t\t\t\t\t\t\t\t\t\t\t\t\t\t\t<img decoding=\"async\" width=\"724\" height=\"1024\" src=\"https:\/\/tekniktakim.org\/wp-content\/uploads\/2025\/12\/1-1-724x1024.png\" class=\"attachment-large size-large wp-image-294\" alt=\"\" srcset=\"https:\/\/tekniktakim.org\/wp-content\/uploads\/2025\/12\/1-1-724x1024.png 724w, https:\/\/tekniktakim.org\/wp-content\/uploads\/2025\/12\/1-1-212x300.png 212w, https:\/\/tekniktakim.org\/wp-content\/uploads\/2025\/12\/1-1-768x1086.png 768w, https:\/\/tekniktakim.org\/wp-content\/uploads\/2025\/12\/1-1-1087x1536.png 1087w, https:\/\/tekniktakim.org\/wp-content\/uploads\/2025\/12\/1-1-1449x2048.png 1449w, https:\/\/tekniktakim.org\/wp-content\/uploads\/2025\/12\/1-1.png 1654w\" sizes=\"(max-width: 724px) 100vw, 724px\" \/>\t\t\t\t\t\t\t\t\t\t\t\t\t\t\t<\/div>\n\t\t\t\t\t<\/div>\n\t\t<\/div>\n\t\t\t\t<div class=\"elementor-column elementor-col-16 elementor-top-column elementor-element elementor-element-bd9aa40\" data-id=\"bd9aa40\" data-element_type=\"column\">\n\t\t\t<div class=\"elementor-widget-wrap\">\n\t\t\t\t\t\t\t<\/div>\n\t\t<\/div>\n\t\t\t\t<div class=\"elementor-column elementor-col-16 elementor-top-column elementor-element elementor-element-a8db09c\" data-id=\"a8db09c\" data-element_type=\"column\">\n\t\t\t<div class=\"elementor-widget-wrap\">\n\t\t\t\t\t\t\t<\/div>\n\t\t<\/div>\n\t\t\t\t<div class=\"elementor-column elementor-col-16 elementor-top-column elementor-element elementor-element-0d1a4ea\" data-id=\"0d1a4ea\" data-element_type=\"column\">\n\t\t\t<div class=\"elementor-widget-wrap\">\n\t\t\t\t\t\t\t<\/div>\n\t\t<\/div>\n\t\t\t\t<div class=\"elementor-column elementor-col-16 elementor-top-column elementor-element elementor-element-680b64f\" data-id=\"680b64f\" data-element_type=\"column\">\n\t\t\t<div class=\"elementor-widget-wrap\">\n\t\t\t\t\t\t\t<\/div>\n\t\t<\/div>\n\t\t\t\t\t<\/div>\n\t\t<\/section>\n\t\t\t\t<section class=\"elementor-section elementor-top-section elementor-element elementor-element-2b6be23 elementor-section-boxed elementor-section-height-default elementor-section-height-default\" data-id=\"2b6be23\" data-element_type=\"section\">\n\t\t\t\t\t\t<div class=\"elementor-container elementor-column-gap-default\">\n\t\t\t\t\t<div class=\"elementor-column elementor-col-33 elementor-top-column elementor-element elementor-element-aae1da5\" data-id=\"aae1da5\" data-element_type=\"column\">\n\t\t\t<div class=\"elementor-widget-wrap elementor-element-populated\">\n\t\t\t\t\t\t<div class=\"elementor-element elementor-element-2c7d493 elementor-widget elementor-widget-image\" data-id=\"2c7d493\" data-element_type=\"widget\" data-widget_type=\"image.default\">\n\t\t\t\t\t\t\t\t\t\t\t\t\t\t\t<img decoding=\"async\" width=\"724\" height=\"1024\" src=\"https:\/\/tekniktakim.org\/wp-content\/uploads\/2025\/12\/4-1-1-724x1024.png\" class=\"attachment-large size-large wp-image-297\" alt=\"\" srcset=\"https:\/\/tekniktakim.org\/wp-content\/uploads\/2025\/12\/4-1-1-724x1024.png 724w, https:\/\/tekniktakim.org\/wp-content\/uploads\/2025\/12\/4-1-1-212x300.png 212w, https:\/\/tekniktakim.org\/wp-content\/uploads\/2025\/12\/4-1-1-768x1086.png 768w, https:\/\/tekniktakim.org\/wp-content\/uploads\/2025\/12\/4-1-1-1087x1536.png 1087w, https:\/\/tekniktakim.org\/wp-content\/uploads\/2025\/12\/4-1-1-1449x2048.png 1449w, https:\/\/tekniktakim.org\/wp-content\/uploads\/2025\/12\/4-1-1.png 1654w\" sizes=\"(max-width: 724px) 100vw, 724px\" \/>\t\t\t\t\t\t\t\t\t\t\t\t\t\t\t<\/div>\n\t\t\t\t\t<\/div>\n\t\t<\/div>\n\t\t\t\t<div class=\"elementor-column elementor-col-33 elementor-top-column elementor-element elementor-element-faeb9a7\" data-id=\"faeb9a7\" data-element_type=\"column\">\n\t\t\t<div class=\"elementor-widget-wrap elementor-element-populated\">\n\t\t\t\t\t\t<div class=\"elementor-element elementor-element-b57ebad elementor-widget elementor-widget-image\" data-id=\"b57ebad\" data-element_type=\"widget\" data-widget_type=\"image.default\">\n\t\t\t\t\t\t\t\t\t\t\t\t\t\t\t<img loading=\"lazy\" decoding=\"async\" width=\"724\" height=\"1024\" src=\"https:\/\/tekniktakim.org\/wp-content\/uploads\/2025\/12\/3-1-724x1024.png\" class=\"attachment-large size-large wp-image-296\" alt=\"\" srcset=\"https:\/\/tekniktakim.org\/wp-content\/uploads\/2025\/12\/3-1-724x1024.png 724w, https:\/\/tekniktakim.org\/wp-content\/uploads\/2025\/12\/3-1-212x300.png 212w, https:\/\/tekniktakim.org\/wp-content\/uploads\/2025\/12\/3-1-768x1086.png 768w, https:\/\/tekniktakim.org\/wp-content\/uploads\/2025\/12\/3-1-1087x1536.png 1087w, https:\/\/tekniktakim.org\/wp-content\/uploads\/2025\/12\/3-1-1449x2048.png 1449w, https:\/\/tekniktakim.org\/wp-content\/uploads\/2025\/12\/3-1.png 1654w\" sizes=\"(max-width: 724px) 100vw, 724px\" \/>\t\t\t\t\t\t\t\t\t\t\t\t\t\t\t<\/div>\n\t\t\t\t\t<\/div>\n\t\t<\/div>\n\t\t\t\t<div class=\"elementor-column elementor-col-33 elementor-top-column elementor-element elementor-element-ce9c139\" data-id=\"ce9c139\" data-element_type=\"column\">\n\t\t\t<div class=\"elementor-widget-wrap elementor-element-populated\">\n\t\t\t\t\t\t<div class=\"elementor-element elementor-element-10e43a9 elementor-widget elementor-widget-image\" data-id=\"10e43a9\" data-element_type=\"widget\" data-widget_type=\"image.default\">\n\t\t\t\t\t\t\t\t\t\t\t\t\t\t\t<img loading=\"lazy\" decoding=\"async\" width=\"724\" height=\"1024\" src=\"https:\/\/tekniktakim.org\/wp-content\/uploads\/2025\/12\/2-1-724x1024.png\" class=\"attachment-large size-large wp-image-295\" alt=\"\" srcset=\"https:\/\/tekniktakim.org\/wp-content\/uploads\/2025\/12\/2-1-724x1024.png 724w, https:\/\/tekniktakim.org\/wp-content\/uploads\/2025\/12\/2-1-212x300.png 212w, https:\/\/tekniktakim.org\/wp-content\/uploads\/2025\/12\/2-1-768x1086.png 768w, https:\/\/tekniktakim.org\/wp-content\/uploads\/2025\/12\/2-1-1087x1536.png 1087w, https:\/\/tekniktakim.org\/wp-content\/uploads\/2025\/12\/2-1-1449x2048.png 1449w, https:\/\/tekniktakim.org\/wp-content\/uploads\/2025\/12\/2-1.png 1654w\" sizes=\"(max-width: 724px) 100vw, 724px\" \/>\t\t\t\t\t\t\t\t\t\t\t\t\t\t\t<\/div>\n\t\t\t\t\t<\/div>\n\t\t<\/div>\n\t\t\t\t\t<\/div>\n\t\t<\/section>\n\t\t\t\t<\/div>\n\t\t","protected":false},"excerpt":{"rendered":"","protected":false},"author":1,"featured_media":0,"parent":0,"menu_order":0,"comment_status":"closed","ping_status":"closed","template":"","meta":{"_themeisle_gutenberg_block_has_review":false,"footnotes":""},"class_list":["post-283","page","type-page","status-publish","hentry"],"yoast_head":"<!-- This site is optimized with the Yoast SEO plugin v26.6 - https:\/\/yoast.com\/wordpress\/plugins\/seo\/ -->\n<title>BELGELER\u0130M\u0130Z - TEKN\u0130K TAKIM<\/title>\n<meta name=\"robots\" content=\"index, follow, max-snippet:-1, max-image-preview:large, max-video-preview:-1\" \/>\n<link rel=\"canonical\" href=\"https:\/\/tekniktakim.org\/?page_id=283\" \/>\n<meta property=\"og:locale\" content=\"tr_TR\" \/>\n<meta property=\"og:type\" content=\"article\" \/>\n<meta property=\"og:title\" content=\"BELGELER\u0130M\u0130Z - TEKN\u0130K TAKIM\" \/>\n<meta property=\"og:url\" content=\"https:\/\/tekniktakim.org\/?page_id=283\" \/>\n<meta property=\"og:site_name\" content=\"TEKN\u0130K TAKIM\" \/>\n<meta property=\"article:modified_time\" content=\"2025-12-29T10:00:43+00:00\" \/>\n<meta property=\"og:image\" content=\"https:\/\/tekniktakim.org\/wp-content\/uploads\/2025\/12\/5-1.png\" \/>\n\t<meta property=\"og:image:width\" content=\"1654\" \/>\n\t<meta property=\"og:image:height\" content=\"2338\" \/>\n\t<meta property=\"og:image:type\" content=\"image\/png\" \/>\n<meta name=\"twitter:card\" content=\"summary_large_image\" \/>\n<script type=\"application\/ld+json\" class=\"yoast-schema-graph\">{\"@context\":\"https:\/\/schema.org\",\"@graph\":[{\"@type\":\"WebPage\",\"@id\":\"https:\/\/tekniktakim.org\/?page_id=283\",\"url\":\"https:\/\/tekniktakim.org\/?page_id=283\",\"name\":\"BELGELER\u0130M\u0130Z - TEKN\u0130K TAKIM\",\"isPartOf\":{\"@id\":\"https:\/\/tekniktakim.org\/#website\"},\"primaryImageOfPage\":{\"@id\":\"https:\/\/tekniktakim.org\/?page_id=283#primaryimage\"},\"image\":{\"@id\":\"https:\/\/tekniktakim.org\/?page_id=283#primaryimage\"},\"thumbnailUrl\":\"https:\/\/tekniktakim.org\/wp-content\/uploads\/2025\/12\/5-1-724x1024.png\",\"datePublished\":\"2025-12-29T09:09:32+00:00\",\"dateModified\":\"2025-12-29T10:00:43+00:00\",\"breadcrumb\":{\"@id\":\"https:\/\/tekniktakim.org\/?page_id=283#breadcrumb\"},\"inLanguage\":\"tr\",\"potentialAction\":[{\"@type\":\"ReadAction\",\"target\":[\"https:\/\/tekniktakim.org\/?page_id=283\"]}]},{\"@type\":\"ImageObject\",\"inLanguage\":\"tr\",\"@id\":\"https:\/\/tekniktakim.org\/?page_id=283#primaryimage\",\"url\":\"https:\/\/tekniktakim.org\/wp-content\/uploads\/2025\/12\/5-1.png\",\"contentUrl\":\"https:\/\/tekniktakim.org\/wp-content\/uploads\/2025\/12\/5-1.png\",\"width\":1654,\"height\":2338},{\"@type\":\"BreadcrumbList\",\"@id\":\"https:\/\/tekniktakim.org\/?page_id=283#breadcrumb\",\"itemListElement\":[{\"@type\":\"ListItem\",\"position\":1,\"name\":\"Anasayfa\",\"item\":\"https:\/\/tekniktakim.org\/\"},{\"@type\":\"ListItem\",\"position\":2,\"name\":\"BELGELER\u0130M\u0130Z\"}]},{\"@type\":\"WebSite\",\"@id\":\"https:\/\/tekniktakim.org\/#website\",\"url\":\"https:\/\/tekniktakim.org\/\",\"name\":\"TEKN\u0130K TAKIM\",\"description\":\"SAN. T\u0130C. LTD. \u015eT\u0130. RBT.\",\"publisher\":{\"@id\":\"https:\/\/tekniktakim.org\/#organization\"},\"potentialAction\":[{\"@type\":\"SearchAction\",\"target\":{\"@type\":\"EntryPoint\",\"urlTemplate\":\"https:\/\/tekniktakim.org\/?s={search_term_string}\"},\"query-input\":{\"@type\":\"PropertyValueSpecification\",\"valueRequired\":true,\"valueName\":\"search_term_string\"}}],\"inLanguage\":\"tr\"},{\"@type\":\"Organization\",\"@id\":\"https:\/\/tekniktakim.org\/#organization\",\"name\":\"TEKN\u0130K TAKIM\",\"url\":\"https:\/\/tekniktakim.org\/\",\"logo\":{\"@type\":\"ImageObject\",\"inLanguage\":\"tr\",\"@id\":\"https:\/\/tekniktakim.org\/#\/schema\/logo\/image\/\",\"url\":\"https:\/\/tekniktakim.org\/wp-content\/uploads\/2025\/09\/cropped-TEKNIK-TAKIM-1-2.png\",\"contentUrl\":\"https:\/\/tekniktakim.org\/wp-content\/uploads\/2025\/09\/cropped-TEKNIK-TAKIM-1-2.png\",\"width\":1173,\"height\":309,\"caption\":\"TEKN\u0130K  TAKIM\"},\"image\":{\"@id\":\"https:\/\/tekniktakim.org\/#\/schema\/logo\/image\/\"}}]}<\/script>\n<!-- \/ Yoast SEO plugin. -->","yoast_head_json":{"title":"BELGELER\u0130M\u0130Z - TEKN\u0130K TAKIM","robots":{"index":"index","follow":"follow","max-snippet":"max-snippet:-1","max-image-preview":"max-image-preview:large","max-video-preview":"max-video-preview:-1"},"canonical":"https:\/\/tekniktakim.org\/?page_id=283","og_locale":"tr_TR","og_type":"article","og_title":"BELGELER\u0130M\u0130Z - TEKN\u0130K TAKIM","og_url":"https:\/\/tekniktakim.org\/?page_id=283","og_site_name":"TEKN\u0130K TAKIM","article_modified_time":"2025-12-29T10:00:43+00:00","og_image":[{"width":1654,"height":2338,"url":"https:\/\/tekniktakim.org\/wp-content\/uploads\/2025\/12\/5-1.png","type":"image\/png"}],"twitter_card":"summary_large_image","schema":{"@context":"https:\/\/schema.org","@graph":[{"@type":"WebPage","@id":"https:\/\/tekniktakim.org\/?page_id=283","url":"https:\/\/tekniktakim.org\/?page_id=283","name":"BELGELER\u0130M\u0130Z - TEKN\u0130K TAKIM","isPartOf":{"@id":"https:\/\/tekniktakim.org\/#website"},"primaryImageOfPage":{"@id":"https:\/\/tekniktakim.org\/?page_id=283#primaryimage"},"image":{"@id":"https:\/\/tekniktakim.org\/?page_id=283#primaryimage"},"thumbnailUrl":"https:\/\/tekniktakim.org\/wp-content\/uploads\/2025\/12\/5-1-724x1024.png","datePublished":"2025-12-29T09:09:32+00:00","dateModified":"2025-12-29T10:00:43+00:00","breadcrumb":{"@id":"https:\/\/tekniktakim.org\/?page_id=283#breadcrumb"},"inLanguage":"tr","potentialAction":[{"@type":"ReadAction","target":["https:\/\/tekniktakim.org\/?page_id=283"]}]},{"@type":"ImageObject","inLanguage":"tr","@id":"https:\/\/tekniktakim.org\/?page_id=283#primaryimage","url":"https:\/\/tekniktakim.org\/wp-content\/uploads\/2025\/12\/5-1.png","contentUrl":"https:\/\/tekniktakim.org\/wp-content\/uploads\/2025\/12\/5-1.png","width":1654,"height":2338},{"@type":"BreadcrumbList","@id":"https:\/\/tekniktakim.org\/?page_id=283#breadcrumb","itemListElement":[{"@type":"ListItem","position":1,"name":"Anasayfa","item":"https:\/\/tekniktakim.org\/"},{"@type":"ListItem","position":2,"name":"BELGELER\u0130M\u0130Z"}]},{"@type":"WebSite","@id":"https:\/\/tekniktakim.org\/#website","url":"https:\/\/tekniktakim.org\/","name":"TEKN\u0130K TAKIM","description":"SAN. T\u0130C. LTD. \u015eT\u0130. RBT.","publisher":{"@id":"https:\/\/tekniktakim.org\/#organization"},"potentialAction":[{"@type":"SearchAction","target":{"@type":"EntryPoint","urlTemplate":"https:\/\/tekniktakim.org\/?s={search_term_string}"},"query-input":{"@type":"PropertyValueSpecification","valueRequired":true,"valueName":"search_term_string"}}],"inLanguage":"tr"},{"@type":"Organization","@id":"https:\/\/tekniktakim.org\/#organization","name":"TEKN\u0130K TAKIM","url":"https:\/\/tekniktakim.org\/","logo":{"@type":"ImageObject","inLanguage":"tr","@id":"https:\/\/tekniktakim.org\/#\/schema\/logo\/image\/","url":"https:\/\/tekniktakim.org\/wp-content\/uploads\/2025\/09\/cropped-TEKNIK-TAKIM-1-2.png","contentUrl":"https:\/\/tekniktakim.org\/wp-content\/uploads\/2025\/09\/cropped-TEKNIK-TAKIM-1-2.png","width":1173,"height":309,"caption":"TEKN\u0130K  TAKIM"},"image":{"@id":"https:\/\/tekniktakim.org\/#\/schema\/logo\/image\/"}}]}},"_links":{"self":[{"href":"https:\/\/tekniktakim.org\/index.php?rest_route=\/wp\/v2\/pages\/283","targetHints":{"allow":["GET"]}}],"collection":[{"href":"https:\/\/tekniktakim.org\/index.php?rest_route=\/wp\/v2\/pages"}],"about":[{"href":"https:\/\/tekniktakim.org\/index.php?rest_route=\/wp\/v2\/types\/page"}],"author":[{"embeddable":true,"href":"https:\/\/tekniktakim.org\/index.php?rest_route=\/wp\/v2\/users\/1"}],"replies":[{"embeddable":true,"href":"https:\/\/tekniktakim.org\/index.php?rest_route=%2Fwp%2Fv2%2Fcomments&post=283"}],"version-history":[{"count":10,"href":"https:\/\/tekniktakim.org\/index.php?rest_route=\/wp\/v2\/pages\/283\/revisions"}],"predecessor-version":[{"id":308,"href":"https:\/\/tekniktakim.org\/index.php?rest_route=\/wp\/v2\/pages\/283\/revisions\/308"}],"wp:attachment":[{"href":"https:\/\/tekniktakim.org\/index.php?rest_route=%2Fwp%2Fv2%2Fmedia&parent=283"}],"curies":[{"name":"wp","href":"https:\/\/api.w.org\/{rel}","templated":true}]}}