{"id":122,"date":"2023-04-06T14:23:39","date_gmt":"2023-04-06T14:23:39","guid":{"rendered":"https:\/\/tekniktakim.org\/?page_id=122"},"modified":"2025-12-29T09:07:45","modified_gmt":"2025-12-29T09:07:45","slug":"hakkimizda","status":"publish","type":"page","link":"https:\/\/tekniktakim.org\/?page_id=122","title":{"rendered":"HAKKIMIZDA"},"content":{"rendered":"\t\t<div data-elementor-type=\"wp-page\" data-elementor-id=\"122\" class=\"elementor elementor-122\">\n\t\t\t\t\t\t<section class=\"elementor-section elementor-top-section elementor-element elementor-element-3ead4e4 elementor-section-full_width elementor-section-height-min-height elementor-section-items-top elementor-section-height-default\" data-id=\"3ead4e4\" data-element_type=\"section\">\n\t\t\t\t\t\t<div class=\"elementor-container elementor-column-gap-no\">\n\t\t\t\t\t<div class=\"elementor-column elementor-col-66 elementor-top-column elementor-element elementor-element-30e67e4\" data-id=\"30e67e4\" data-element_type=\"column\">\n\t\t\t<div class=\"elementor-widget-wrap elementor-element-populated\">\n\t\t\t\t\t\t<div class=\"elementor-element elementor-element-e221975 elementor-widget elementor-widget-heading\" data-id=\"e221975\" data-element_type=\"widget\" data-widget_type=\"heading.default\">\n\t\t\t\t\t<h2 class=\"elementor-heading-title elementor-size-default\">Teknik Tak\u0131m<\/h2>\t\t\t\t<\/div>\n\t\t\t\t<div class=\"elementor-element elementor-element-77604e9 elementor-widget__width-initial elementor-invisible elementor-widget elementor-widget-text-editor\" data-id=\"77604e9\" data-element_type=\"widget\" data-settings=\"{&quot;_animation&quot;:&quot;fadeIn&quot;,&quot;_animation_delay&quot;:100}\" data-widget_type=\"text-editor.default\">\n\t\t\t\t\t\t\t\t\t<p><strong>Teknik Tak\u0131m , 2003 y\u0131l\u0131nda kurulan bir m\u00fchendislik makine, tezg\u00e2h ve makine otomasyonu sistemleri \u00fczerine odaklanm\u0131\u015f bir \u015firkettir. \u015eirket, otomasyonlu \u00fcretim hatlar\u0131, \u00f6zel makine imalat\u0131, end\u00fcstriyel robotlar, otomatik montaj hatlar\u0131, makine g\u00f6r\u00fc\u015f sistemleri ve di\u011fer mekanik otomasyon ekipmanlar\u0131 gibi \u00e7e\u015fitli \u00e7\u00f6z\u00fcmler sunmaktad\u0131r<\/strong><\/p>\t\t\t\t\t\t\t\t<\/div>\n\t\t\t\t\t<\/div>\n\t\t<\/div>\n\t\t\t\t<div class=\"elementor-column elementor-col-33 elementor-top-column elementor-element elementor-element-eedb358\" data-id=\"eedb358\" data-element_type=\"column\">\n\t\t\t<div class=\"elementor-widget-wrap\">\n\t\t\t\t\t\t\t<\/div>\n\t\t<\/div>\n\t\t\t\t\t<\/div>\n\t\t<\/section>\n\t\t\t\t<section class=\"elementor-section elementor-top-section elementor-element elementor-element-a52f56c elementor-section-boxed elementor-section-height-default elementor-section-height-default\" data-id=\"a52f56c\" data-element_type=\"section\">\n\t\t\t\t\t\t<div class=\"elementor-container elementor-column-gap-default\">\n\t\t\t\t\t<div class=\"elementor-column elementor-col-100 elementor-top-column elementor-element elementor-element-cb1b1be\" data-id=\"cb1b1be\" data-element_type=\"column\">\n\t\t\t<div class=\"elementor-widget-wrap elementor-element-populated\">\n\t\t\t\t\t\t<div class=\"elementor-element elementor-element-94c4e83 elementor-widget elementor-widget-spacer\" data-id=\"94c4e83\" data-element_type=\"widget\" data-widget_type=\"spacer.default\">\n\t\t\t\t\t\t\t<div class=\"elementor-spacer\">\n\t\t\t<div class=\"elementor-spacer-inner\"><\/div>\n\t\t<\/div>\n\t\t\t\t\t\t<\/div>\n\t\t\t\t\t<\/div>\n\t\t<\/div>\n\t\t\t\t\t<\/div>\n\t\t<\/section>\n\t\t\t\t<\/div>\n\t\t","protected":false},"excerpt":{"rendered":"<p>Teknik Tak\u0131m Teknik Tak\u0131m , 2003 y\u0131l\u0131nda kurulan bir m\u00fchendislik makine, tezg\u00e2h ve makine otomasyonu sistemleri \u00fczerine odaklanm\u0131\u015f bir \u015firkettir. \u015eirket, otomasyonlu \u00fcretim hatlar\u0131, \u00f6zel makine imalat\u0131, end\u00fcstriyel robotlar, otomatik montaj hatlar\u0131, makine g\u00f6r\u00fc\u015f sistemleri ve di\u011fer mekanik otomasyon ekipmanlar\u0131 gibi \u00e7e\u015fitli \u00e7\u00f6z\u00fcmler sunmaktad\u0131r<\/p>\n","protected":false},"author":1,"featured_media":0,"parent":0,"menu_order":2,"comment_status":"closed","ping_status":"closed","template":"","meta":{"_themeisle_gutenberg_block_has_review":false,"footnotes":""},"class_list":["post-122","page","type-page","status-publish","hentry"],"yoast_head":"<!-- This site is optimized with the Yoast SEO plugin v26.6 - https:\/\/yoast.com\/wordpress\/plugins\/seo\/ -->\n<title>HAKKIMIZDA - TEKN\u0130K TAKIM<\/title>\n<meta name=\"description\" content=\"&quot;Teknik Tak\u0131m&quot; \u015firketi, 2003 y\u0131l\u0131nda kurulan bir m\u00fchendislik makine, tezg\u00e2h ve makine otomasyonu sistemleri \u00fczerine odaklanm\u0131\u015f bir \u015firkettir. \u015eirket, otomasyonlu \u00fcretim hatlar\u0131, end\u00fcstriyel robotlar, otomatik montaj hatlar\u0131, makine g\u00f6r\u00fc\u015f sistemleri ve di\u011fer mekanik otomasyon ekipmanlar\u0131 gibi \u00e7e\u015fitli \u00e7\u00f6z\u00fcmler sunmaktad\u0131r. \u015eirketin m\u00fc\u015fteri kitlesi, otomotiv, havac\u0131l\u0131k ve uzay, t\u0131bbi cihazlar, g\u0131da i\u015fleme ve paketleme gibi bir\u00e7ok end\u00fcstriyi kapsamaktad\u0131r.Bir makine imalat\u0131 ve otomasyon \u015firketi olarak, &quot;Teknik Tak\u0131m&quot; \u00fcr\u00fcn tasar\u0131m\u0131 ve imalat\u0131nda uzmanl\u0131\u011fa sahiptir. M\u00fchendislik ekibi, deneyimli makine m\u00fchendisleri, elektrik m\u00fchendisleri ve otomasyon uzmanlar\u0131ndan olu\u015fur. \u015eirketin ekipman ve sistemleri, y\u00fcksek verimlilik, g\u00fcvenilirlik ve g\u00fcvenlik sa\u011flamak i\u00e7in en son teknoloji ve i\u015flemlerle \u00fcretilmektedir.\" \/>\n<meta name=\"robots\" content=\"index, follow, max-snippet:-1, max-image-preview:large, max-video-preview:-1\" \/>\n<link rel=\"canonical\" href=\"https:\/\/tekniktakim.org\/?page_id=122\" \/>\n<meta property=\"og:locale\" content=\"tr_TR\" \/>\n<meta property=\"og:type\" content=\"article\" \/>\n<meta property=\"og:title\" content=\"HAKKIMIZDA - TEKN\u0130K TAKIM\" \/>\n<meta property=\"og:description\" content=\"&quot;Teknik Tak\u0131m&quot; \u015firketi, 2003 y\u0131l\u0131nda kurulan bir m\u00fchendislik makine, tezg\u00e2h ve makine otomasyonu sistemleri \u00fczerine odaklanm\u0131\u015f bir \u015firkettir. \u015eirket, otomasyonlu \u00fcretim hatlar\u0131, end\u00fcstriyel robotlar, otomatik montaj hatlar\u0131, makine g\u00f6r\u00fc\u015f sistemleri ve di\u011fer mekanik otomasyon ekipmanlar\u0131 gibi \u00e7e\u015fitli \u00e7\u00f6z\u00fcmler sunmaktad\u0131r. \u015eirketin m\u00fc\u015fteri kitlesi, otomotiv, havac\u0131l\u0131k ve uzay, t\u0131bbi cihazlar, g\u0131da i\u015fleme ve paketleme gibi bir\u00e7ok end\u00fcstriyi kapsamaktad\u0131r.Bir makine imalat\u0131 ve otomasyon \u015firketi olarak, &quot;Teknik Tak\u0131m&quot; \u00fcr\u00fcn tasar\u0131m\u0131 ve imalat\u0131nda uzmanl\u0131\u011fa sahiptir. M\u00fchendislik ekibi, deneyimli makine m\u00fchendisleri, elektrik m\u00fchendisleri ve otomasyon uzmanlar\u0131ndan olu\u015fur. \u015eirketin ekipman ve sistemleri, y\u00fcksek verimlilik, g\u00fcvenilirlik ve g\u00fcvenlik sa\u011flamak i\u00e7in en son teknoloji ve i\u015flemlerle \u00fcretilmektedir.\" \/>\n<meta property=\"og:url\" content=\"https:\/\/tekniktakim.org\/?page_id=122\" \/>\n<meta property=\"og:site_name\" content=\"TEKN\u0130K TAKIM\" \/>\n<meta property=\"article:modified_time\" content=\"2025-12-29T09:07:45+00:00\" \/>\n<meta name=\"twitter:card\" content=\"summary_large_image\" \/>\n<meta name=\"twitter:label1\" content=\"Tahmini okuma s\u00fcresi\" \/>\n\t<meta name=\"twitter:data1\" content=\"1 dakika\" \/>\n<script type=\"application\/ld+json\" class=\"yoast-schema-graph\">{\"@context\":\"https:\/\/schema.org\",\"@graph\":[{\"@type\":\"Article\",\"@id\":\"https:\/\/tekniktakim.org\/?page_id=122#article\",\"isPartOf\":{\"@id\":\"https:\/\/tekniktakim.org\/?page_id=122\"},\"author\":{\"name\":\"TeknikTak\u0131m-ADMIN\",\"@id\":\"https:\/\/tekniktakim.org\/#\/schema\/person\/ff587239a0059f3e5eacaf96fb588213\"},\"headline\":\"HAKKIMIZDA\",\"datePublished\":\"2023-04-06T14:23:39+00:00\",\"dateModified\":\"2025-12-29T09:07:45+00:00\",\"mainEntityOfPage\":{\"@id\":\"https:\/\/tekniktakim.org\/?page_id=122\"},\"wordCount\":55,\"publisher\":{\"@id\":\"https:\/\/tekniktakim.org\/#organization\"},\"inLanguage\":\"tr\"},{\"@type\":[\"WebPage\",\"AboutPage\"],\"@id\":\"https:\/\/tekniktakim.org\/?page_id=122\",\"url\":\"https:\/\/tekniktakim.org\/?page_id=122\",\"name\":\"HAKKIMIZDA - TEKN\u0130K TAKIM\",\"isPartOf\":{\"@id\":\"https:\/\/tekniktakim.org\/#website\"},\"datePublished\":\"2023-04-06T14:23:39+00:00\",\"dateModified\":\"2025-12-29T09:07:45+00:00\",\"description\":\"\\\"Teknik Tak\u0131m\\\" \u015firketi, 2003 y\u0131l\u0131nda kurulan bir m\u00fchendislik makine, tezg\u00e2h ve makine otomasyonu sistemleri \u00fczerine odaklanm\u0131\u015f bir \u015firkettir. \u015eirket, otomasyonlu \u00fcretim hatlar\u0131, end\u00fcstriyel robotlar, otomatik montaj hatlar\u0131, makine g\u00f6r\u00fc\u015f sistemleri ve di\u011fer mekanik otomasyon ekipmanlar\u0131 gibi \u00e7e\u015fitli \u00e7\u00f6z\u00fcmler sunmaktad\u0131r. \u015eirketin m\u00fc\u015fteri kitlesi, otomotiv, havac\u0131l\u0131k ve uzay, t\u0131bbi cihazlar, g\u0131da i\u015fleme ve paketleme gibi bir\u00e7ok end\u00fcstriyi kapsamaktad\u0131r.Bir makine imalat\u0131 ve otomasyon \u015firketi olarak, \\\"Teknik Tak\u0131m\\\" \u00fcr\u00fcn tasar\u0131m\u0131 ve imalat\u0131nda uzmanl\u0131\u011fa sahiptir. M\u00fchendislik ekibi, deneyimli makine m\u00fchendisleri, elektrik m\u00fchendisleri ve otomasyon uzmanlar\u0131ndan olu\u015fur. \u015eirketin ekipman ve sistemleri, y\u00fcksek verimlilik, g\u00fcvenilirlik ve g\u00fcvenlik sa\u011flamak i\u00e7in en son teknoloji ve i\u015flemlerle \u00fcretilmektedir.\",\"breadcrumb\":{\"@id\":\"https:\/\/tekniktakim.org\/?page_id=122#breadcrumb\"},\"inLanguage\":\"tr\",\"potentialAction\":[{\"@type\":\"ReadAction\",\"target\":[\"https:\/\/tekniktakim.org\/?page_id=122\"]}]},{\"@type\":\"BreadcrumbList\",\"@id\":\"https:\/\/tekniktakim.org\/?page_id=122#breadcrumb\",\"itemListElement\":[{\"@type\":\"ListItem\",\"position\":1,\"name\":\"Anasayfa\",\"item\":\"https:\/\/tekniktakim.org\/\"},{\"@type\":\"ListItem\",\"position\":2,\"name\":\"HAKKIMIZDA\"}]},{\"@type\":\"WebSite\",\"@id\":\"https:\/\/tekniktakim.org\/#website\",\"url\":\"https:\/\/tekniktakim.org\/\",\"name\":\"TEKN\u0130K TAKIM\",\"description\":\"SAN. T\u0130C. LTD. \u015eT\u0130. RBT.\",\"publisher\":{\"@id\":\"https:\/\/tekniktakim.org\/#organization\"},\"potentialAction\":[{\"@type\":\"SearchAction\",\"target\":{\"@type\":\"EntryPoint\",\"urlTemplate\":\"https:\/\/tekniktakim.org\/?s={search_term_string}\"},\"query-input\":{\"@type\":\"PropertyValueSpecification\",\"valueRequired\":true,\"valueName\":\"search_term_string\"}}],\"inLanguage\":\"tr\"},{\"@type\":\"Organization\",\"@id\":\"https:\/\/tekniktakim.org\/#organization\",\"name\":\"TEKN\u0130K TAKIM\",\"url\":\"https:\/\/tekniktakim.org\/\",\"logo\":{\"@type\":\"ImageObject\",\"inLanguage\":\"tr\",\"@id\":\"https:\/\/tekniktakim.org\/#\/schema\/logo\/image\/\",\"url\":\"https:\/\/tekniktakim.org\/wp-content\/uploads\/2025\/09\/cropped-TEKNIK-TAKIM-1-2.png\",\"contentUrl\":\"https:\/\/tekniktakim.org\/wp-content\/uploads\/2025\/09\/cropped-TEKNIK-TAKIM-1-2.png\",\"width\":1173,\"height\":309,\"caption\":\"TEKN\u0130K  TAKIM\"},\"image\":{\"@id\":\"https:\/\/tekniktakim.org\/#\/schema\/logo\/image\/\"}},{\"@type\":\"Person\",\"@id\":\"https:\/\/tekniktakim.org\/#\/schema\/person\/ff587239a0059f3e5eacaf96fb588213\",\"name\":\"TeknikTak\u0131m-ADMIN\",\"image\":{\"@type\":\"ImageObject\",\"inLanguage\":\"tr\",\"@id\":\"https:\/\/tekniktakim.org\/#\/schema\/person\/image\/\",\"url\":\"https:\/\/secure.gravatar.com\/avatar\/6c8bc7bae580c1ac634b01076eccfb51fdd373d52581849826b319a35b9c7370?s=96&d=mm&r=g\",\"contentUrl\":\"https:\/\/secure.gravatar.com\/avatar\/6c8bc7bae580c1ac634b01076eccfb51fdd373d52581849826b319a35b9c7370?s=96&d=mm&r=g\",\"caption\":\"TeknikTak\u0131m-ADMIN\"},\"sameAs\":[\"https:\/\/tekniktakim.org\"],\"url\":\"https:\/\/tekniktakim.org\/?author=1\"}]}<\/script>\n<!-- \/ Yoast SEO plugin. -->","yoast_head_json":{"title":"HAKKIMIZDA - TEKN\u0130K TAKIM","description":"\"Teknik Tak\u0131m\" \u015firketi, 2003 y\u0131l\u0131nda kurulan bir m\u00fchendislik makine, tezg\u00e2h ve makine otomasyonu sistemleri \u00fczerine odaklanm\u0131\u015f bir \u015firkettir. \u015eirket, otomasyonlu \u00fcretim hatlar\u0131, end\u00fcstriyel robotlar, otomatik montaj hatlar\u0131, makine g\u00f6r\u00fc\u015f sistemleri ve di\u011fer mekanik otomasyon ekipmanlar\u0131 gibi \u00e7e\u015fitli \u00e7\u00f6z\u00fcmler sunmaktad\u0131r. \u015eirketin m\u00fc\u015fteri kitlesi, otomotiv, havac\u0131l\u0131k ve uzay, t\u0131bbi cihazlar, g\u0131da i\u015fleme ve paketleme gibi bir\u00e7ok end\u00fcstriyi kapsamaktad\u0131r.Bir makine imalat\u0131 ve otomasyon \u015firketi olarak, \"Teknik Tak\u0131m\" \u00fcr\u00fcn tasar\u0131m\u0131 ve imalat\u0131nda uzmanl\u0131\u011fa sahiptir. M\u00fchendislik ekibi, deneyimli makine m\u00fchendisleri, elektrik m\u00fchendisleri ve otomasyon uzmanlar\u0131ndan olu\u015fur. \u015eirketin ekipman ve sistemleri, y\u00fcksek verimlilik, g\u00fcvenilirlik ve g\u00fcvenlik sa\u011flamak i\u00e7in en son teknoloji ve i\u015flemlerle \u00fcretilmektedir.","robots":{"index":"index","follow":"follow","max-snippet":"max-snippet:-1","max-image-preview":"max-image-preview:large","max-video-preview":"max-video-preview:-1"},"canonical":"https:\/\/tekniktakim.org\/?page_id=122","og_locale":"tr_TR","og_type":"article","og_title":"HAKKIMIZDA - TEKN\u0130K TAKIM","og_description":"\"Teknik Tak\u0131m\" \u015firketi, 2003 y\u0131l\u0131nda kurulan bir m\u00fchendislik makine, tezg\u00e2h ve makine otomasyonu sistemleri \u00fczerine odaklanm\u0131\u015f bir \u015firkettir. \u015eirket, otomasyonlu \u00fcretim hatlar\u0131, end\u00fcstriyel robotlar, otomatik montaj hatlar\u0131, makine g\u00f6r\u00fc\u015f sistemleri ve di\u011fer mekanik otomasyon ekipmanlar\u0131 gibi \u00e7e\u015fitli \u00e7\u00f6z\u00fcmler sunmaktad\u0131r. \u015eirketin m\u00fc\u015fteri kitlesi, otomotiv, havac\u0131l\u0131k ve uzay, t\u0131bbi cihazlar, g\u0131da i\u015fleme ve paketleme gibi bir\u00e7ok end\u00fcstriyi kapsamaktad\u0131r.Bir makine imalat\u0131 ve otomasyon \u015firketi olarak, \"Teknik Tak\u0131m\" \u00fcr\u00fcn tasar\u0131m\u0131 ve imalat\u0131nda uzmanl\u0131\u011fa sahiptir. M\u00fchendislik ekibi, deneyimli makine m\u00fchendisleri, elektrik m\u00fchendisleri ve otomasyon uzmanlar\u0131ndan olu\u015fur. \u015eirketin ekipman ve sistemleri, y\u00fcksek verimlilik, g\u00fcvenilirlik ve g\u00fcvenlik sa\u011flamak i\u00e7in en son teknoloji ve i\u015flemlerle \u00fcretilmektedir.","og_url":"https:\/\/tekniktakim.org\/?page_id=122","og_site_name":"TEKN\u0130K TAKIM","article_modified_time":"2025-12-29T09:07:45+00:00","twitter_card":"summary_large_image","twitter_misc":{"Tahmini okuma s\u00fcresi":"1 dakika"},"schema":{"@context":"https:\/\/schema.org","@graph":[{"@type":"Article","@id":"https:\/\/tekniktakim.org\/?page_id=122#article","isPartOf":{"@id":"https:\/\/tekniktakim.org\/?page_id=122"},"author":{"name":"TeknikTak\u0131m-ADMIN","@id":"https:\/\/tekniktakim.org\/#\/schema\/person\/ff587239a0059f3e5eacaf96fb588213"},"headline":"HAKKIMIZDA","datePublished":"2023-04-06T14:23:39+00:00","dateModified":"2025-12-29T09:07:45+00:00","mainEntityOfPage":{"@id":"https:\/\/tekniktakim.org\/?page_id=122"},"wordCount":55,"publisher":{"@id":"https:\/\/tekniktakim.org\/#organization"},"inLanguage":"tr"},{"@type":["WebPage","AboutPage"],"@id":"https:\/\/tekniktakim.org\/?page_id=122","url":"https:\/\/tekniktakim.org\/?page_id=122","name":"HAKKIMIZDA - TEKN\u0130K TAKIM","isPartOf":{"@id":"https:\/\/tekniktakim.org\/#website"},"datePublished":"2023-04-06T14:23:39+00:00","dateModified":"2025-12-29T09:07:45+00:00","description":"\"Teknik Tak\u0131m\" \u015firketi, 2003 y\u0131l\u0131nda kurulan bir m\u00fchendislik makine, tezg\u00e2h ve makine otomasyonu sistemleri \u00fczerine odaklanm\u0131\u015f bir \u015firkettir. \u015eirket, otomasyonlu \u00fcretim hatlar\u0131, end\u00fcstriyel robotlar, otomatik montaj hatlar\u0131, makine g\u00f6r\u00fc\u015f sistemleri ve di\u011fer mekanik otomasyon ekipmanlar\u0131 gibi \u00e7e\u015fitli \u00e7\u00f6z\u00fcmler sunmaktad\u0131r. \u015eirketin m\u00fc\u015fteri kitlesi, otomotiv, havac\u0131l\u0131k ve uzay, t\u0131bbi cihazlar, g\u0131da i\u015fleme ve paketleme gibi bir\u00e7ok end\u00fcstriyi kapsamaktad\u0131r.Bir makine imalat\u0131 ve otomasyon \u015firketi olarak, \"Teknik Tak\u0131m\" \u00fcr\u00fcn tasar\u0131m\u0131 ve imalat\u0131nda uzmanl\u0131\u011fa sahiptir. M\u00fchendislik ekibi, deneyimli makine m\u00fchendisleri, elektrik m\u00fchendisleri ve otomasyon uzmanlar\u0131ndan olu\u015fur. \u015eirketin ekipman ve sistemleri, y\u00fcksek verimlilik, g\u00fcvenilirlik ve g\u00fcvenlik sa\u011flamak i\u00e7in en son teknoloji ve i\u015flemlerle \u00fcretilmektedir.","breadcrumb":{"@id":"https:\/\/tekniktakim.org\/?page_id=122#breadcrumb"},"inLanguage":"tr","potentialAction":[{"@type":"ReadAction","target":["https:\/\/tekniktakim.org\/?page_id=122"]}]},{"@type":"BreadcrumbList","@id":"https:\/\/tekniktakim.org\/?page_id=122#breadcrumb","itemListElement":[{"@type":"ListItem","position":1,"name":"Anasayfa","item":"https:\/\/tekniktakim.org\/"},{"@type":"ListItem","position":2,"name":"HAKKIMIZDA"}]},{"@type":"WebSite","@id":"https:\/\/tekniktakim.org\/#website","url":"https:\/\/tekniktakim.org\/","name":"TEKN\u0130K TAKIM","description":"SAN. T\u0130C. LTD. \u015eT\u0130. RBT.","publisher":{"@id":"https:\/\/tekniktakim.org\/#organization"},"potentialAction":[{"@type":"SearchAction","target":{"@type":"EntryPoint","urlTemplate":"https:\/\/tekniktakim.org\/?s={search_term_string}"},"query-input":{"@type":"PropertyValueSpecification","valueRequired":true,"valueName":"search_term_string"}}],"inLanguage":"tr"},{"@type":"Organization","@id":"https:\/\/tekniktakim.org\/#organization","name":"TEKN\u0130K TAKIM","url":"https:\/\/tekniktakim.org\/","logo":{"@type":"ImageObject","inLanguage":"tr","@id":"https:\/\/tekniktakim.org\/#\/schema\/logo\/image\/","url":"https:\/\/tekniktakim.org\/wp-content\/uploads\/2025\/09\/cropped-TEKNIK-TAKIM-1-2.png","contentUrl":"https:\/\/tekniktakim.org\/wp-content\/uploads\/2025\/09\/cropped-TEKNIK-TAKIM-1-2.png","width":1173,"height":309,"caption":"TEKN\u0130K  TAKIM"},"image":{"@id":"https:\/\/tekniktakim.org\/#\/schema\/logo\/image\/"}},{"@type":"Person","@id":"https:\/\/tekniktakim.org\/#\/schema\/person\/ff587239a0059f3e5eacaf96fb588213","name":"TeknikTak\u0131m-ADMIN","image":{"@type":"ImageObject","inLanguage":"tr","@id":"https:\/\/tekniktakim.org\/#\/schema\/person\/image\/","url":"https:\/\/secure.gravatar.com\/avatar\/6c8bc7bae580c1ac634b01076eccfb51fdd373d52581849826b319a35b9c7370?s=96&d=mm&r=g","contentUrl":"https:\/\/secure.gravatar.com\/avatar\/6c8bc7bae580c1ac634b01076eccfb51fdd373d52581849826b319a35b9c7370?s=96&d=mm&r=g","caption":"TeknikTak\u0131m-ADMIN"},"sameAs":["https:\/\/tekniktakim.org"],"url":"https:\/\/tekniktakim.org\/?author=1"}]}},"_links":{"self":[{"href":"https:\/\/tekniktakim.org\/index.php?rest_route=\/wp\/v2\/pages\/122","targetHints":{"allow":["GET"]}}],"collection":[{"href":"https:\/\/tekniktakim.org\/index.php?rest_route=\/wp\/v2\/pages"}],"about":[{"href":"https:\/\/tekniktakim.org\/index.php?rest_route=\/wp\/v2\/types\/page"}],"author":[{"embeddable":true,"href":"https:\/\/tekniktakim.org\/index.php?rest_route=\/wp\/v2\/users\/1"}],"replies":[{"embeddable":true,"href":"https:\/\/tekniktakim.org\/index.php?rest_route=%2Fwp%2Fv2%2Fcomments&post=122"}],"version-history":[{"count":14,"href":"https:\/\/tekniktakim.org\/index.php?rest_route=\/wp\/v2\/pages\/122\/revisions"}],"predecessor-version":[{"id":257,"href":"https:\/\/tekniktakim.org\/index.php?rest_route=\/wp\/v2\/pages\/122\/revisions\/257"}],"wp:attachment":[{"href":"https:\/\/tekniktakim.org\/index.php?rest_route=%2Fwp%2Fv2%2Fmedia&parent=122"}],"curies":[{"name":"wp","href":"https:\/\/api.w.org\/{rel}","templated":true}]}}