{"id":120,"date":"2023-04-06T14:23:39","date_gmt":"2023-04-06T14:23:39","guid":{"rendered":"https:\/\/tekniktakim.org\/?page_id=120"},"modified":"2025-09-03T07:11:03","modified_gmt":"2025-09-03T07:11:03","slug":"anasayfa","status":"publish","type":"page","link":"https:\/\/tekniktakim.org\/","title":{"rendered":"ANASAYFA"},"content":{"rendered":"\n\t<div class=\"wp-block-cover alignfull has-white-background-color has-background-dim hestia-clear-top-padding\"><div class=\"wp-block-cover__inner-container is-layout-flow wp-block-cover-is-layout-flow\">\n\t<h2 class=\"has-text-align-center has-text-color wp-block-heading\" style=\"color:#3c4858\">What we stand for<\/h2>\n\t\n\t\n\t\n\t<div style=\"height:40px\" aria-hidden=\"true\" class=\"wp-block-spacer\"><\/div>\n\t\n\t\n\t\n\t<div class=\"wp-block-columns container is-layout-flex wp-container-core-columns-is-layout-9d6595d7 wp-block-columns-is-layout-flex\">\n\t<div class=\"wp-block-column is-layout-flow wp-block-column-is-layout-flow\">\n\t<div class=\"wp-block-image\"><figure class=\"aligncenter size-large\"><img decoding=\"async\" src=\"https:\/\/tekniktakim.org\/wp-content\/themes\/hestia\/assets\/img\/feat1.png\" alt=\"\" class=\"wp-image-70\"\/><\/figure><\/div>\n\t\n\t\n\t\n\t<h5 class=\"has-text-align-center has-text-color wp-block-heading\" style=\"color:#3c4858;font-size:18px\">Responsive<\/h5>\n\t\n\t\n\t\n\t<p class=\"has-text-align-center has-text-color\" style=\"color:#999999;font-size:14px\">Lorem ipsum dolor sit amet, consectetur adipiscing elit, sed do eiusmod tempor incididunt ut labore et dolore magna aliqua.<\/p>\n\t\n\t\n\t\n\t<div style=\"height:25px\" aria-hidden=\"true\" class=\"wp-block-spacer\"><\/div>\n\t<\/div>\n\t\n\t\n\t\n\t<div class=\"wp-block-column is-layout-flow wp-block-column-is-layout-flow\">\n\t<div class=\"wp-block-image\"><figure class=\"aligncenter size-large\"><img decoding=\"async\" src=\"https:\/\/tekniktakim.org\/wp-content\/themes\/hestia\/assets\/img\/feat2.png\" alt=\"\" class=\"wp-image-71\"\/><\/figure><\/div>\n\t\n\t\n\t\n\t<h5 class=\"has-text-align-center has-text-color wp-block-heading\" style=\"color:#3c4858;font-size:18px\">Quality<\/h5>\n\t\n\t\n\t\n\t<p class=\"has-text-align-center has-text-color\" style=\"color:#999999;font-size:14px\">Lorem ipsum dolor sit amet, consectetur adipiscing elit, sed do eiusmod tempor incididunt ut labore et dolore magna aliqua.<\/p>\n\t\n\t\n\t\n\t<div style=\"height:25px\" aria-hidden=\"true\" class=\"wp-block-spacer\"><\/div>\n\t<\/div>\n\t\n\t\n\t\n\t<div class=\"wp-block-column is-layout-flow wp-block-column-is-layout-flow\">\n\t<div class=\"wp-block-image\"><figure class=\"aligncenter size-large\"><img decoding=\"async\" src=\"https:\/\/tekniktakim.org\/wp-content\/themes\/hestia\/assets\/img\/feat3.png\" alt=\"\" class=\"wp-image-72\"\/><\/figure><\/div>\n\t\n\t\n\t\n\t<h5 class=\"has-text-align-center has-text-color wp-block-heading\" style=\"color:#3c4858;font-size:18px\">Support<\/h5>\n\t\n\t\n\t\n\t<p class=\"has-text-align-center has-text-color\" style=\"color:#999999;font-size:14px\">Lorem ipsum dolor sit amet, consectetur adipiscing elit, sed do eiusmod tempor incididunt ut labore et dolore magna aliqua.<\/p>\n\t\n\t\n\t\n\t<div style=\"height:25px\" aria-hidden=\"true\" class=\"wp-block-spacer\"><\/div>\n\t<\/div>\n\t<\/div>\n\t\n\t\n\t\n\t<div style=\"height:40px\" aria-hidden=\"true\" class=\"wp-block-spacer\"><\/div>\n\t<\/div><\/div>\n\t\n\t\n\t\n\t<div class=\"wp-block-columns container is-layout-flex wp-container-core-columns-is-layout-9d6595d7 wp-block-columns-is-layout-flex\">\n\t<div class=\"wp-block-column col-md-5 is-layout-flow wp-block-column-is-layout-flow\">\n\t<div style=\"height:55px\" aria-hidden=\"true\" class=\"wp-block-spacer\"><\/div>\n\t\n\t\n\t\n\t<h2 class=\"wp-block-heading\">About Hestia<\/h2>\n\t\n\t\n\t\n\t<p>Need more details? Please check our full documentation for detailed information on how to use Hestia.<\/p>\n\t<\/div>\n\t\n\t\n\t\n\t<div class=\"wp-block-column col-md-6 col-md-offset1 is-layout-flow wp-block-column-is-layout-flow\">\n\t<div style=\"height:55px\" aria-hidden=\"true\" class=\"wp-block-spacer\"><\/div>\n\t\n\t\n\t\n\t<figure class=\"wp-block-image size-large\"><img decoding=\"async\" src=\"https:\/\/tekniktakim.org\/wp-content\/themes\/hestia\/assets\/img\/about-content.png\" alt=\"\" class=\"wp-image-81\"\/><\/figure>\n\t\n\t\n\t\n\t<p><\/p>\n\t<\/div>\n\t<\/div>\n\t","protected":false},"excerpt":{"rendered":"<p>About Hestia Need more details? Please check our full documentation for detailed information on how to use Hestia.<\/p>\n","protected":false},"author":1,"featured_media":0,"parent":0,"menu_order":1,"comment_status":"closed","ping_status":"closed","template":"","meta":{"_themeisle_gutenberg_block_has_review":false,"footnotes":""},"class_list":["post-120","page","type-page","status-publish","hentry"],"yoast_head":"<!-- This site is optimized with the Yoast SEO plugin v26.6 - https:\/\/yoast.com\/wordpress\/plugins\/seo\/ -->\n<title>ANASAYFA - TEKN\u0130K TAKIM<\/title>\n<meta name=\"description\" content=\"TEN\u0130K TAKIM San. Tic. Lmt. \u015firketi firman\u0131z\u0131n ihtiya\u00e7 duydu\u011fu \u00f6zel imalat makineler, gerek fason gerek seri imalat ve benzeri i\u015flerin yap\u0131lmas\u0131nda \u015firketinizin yan\u0131nda\" \/>\n<meta name=\"robots\" content=\"index, follow, max-snippet:-1, max-image-preview:large, max-video-preview:-1\" \/>\n<link rel=\"canonical\" href=\"https:\/\/tekniktakim.org\/\" \/>\n<meta property=\"og:locale\" content=\"tr_TR\" \/>\n<meta property=\"og:type\" content=\"article\" \/>\n<meta property=\"og:title\" content=\"ANASAYFA - TEKN\u0130K TAKIM\" \/>\n<meta property=\"og:description\" content=\"TEN\u0130K TAKIM San. Tic. Lmt. \u015firketi firman\u0131z\u0131n ihtiya\u00e7 duydu\u011fu \u00f6zel imalat makineler, gerek fason gerek seri imalat ve benzeri i\u015flerin yap\u0131lmas\u0131nda \u015firketinizin yan\u0131nda\" \/>\n<meta property=\"og:url\" content=\"https:\/\/tekniktakim.org\/\" \/>\n<meta property=\"og:site_name\" content=\"TEKN\u0130K TAKIM\" \/>\n<meta property=\"article:modified_time\" content=\"2025-09-03T07:11:03+00:00\" \/>\n<meta property=\"og:image\" content=\"https:\/\/tekniktakim.org\/wp-content\/themes\/hestia\/assets\/img\/feat1.png\" \/>\n<meta name=\"twitter:card\" content=\"summary_large_image\" \/>\n<meta name=\"twitter:label1\" content=\"Tahmini okuma s\u00fcresi\" \/>\n\t<meta name=\"twitter:data1\" content=\"2 dakika\" \/>\n<script type=\"application\/ld+json\" class=\"yoast-schema-graph\">{\"@context\":\"https:\/\/schema.org\",\"@graph\":[{\"@type\":\"WebPage\",\"@id\":\"https:\/\/tekniktakim.org\/\",\"url\":\"https:\/\/tekniktakim.org\/\",\"name\":\"ANASAYFA - TEKN\u0130K TAKIM\",\"isPartOf\":{\"@id\":\"https:\/\/tekniktakim.org\/#website\"},\"primaryImageOfPage\":{\"@id\":\"https:\/\/tekniktakim.org\/#primaryimage\"},\"image\":{\"@id\":\"https:\/\/tekniktakim.org\/#primaryimage\"},\"thumbnailUrl\":\"https:\/\/tekniktakim.org\/wp-content\/themes\/hestia\/assets\/img\/feat1.png\",\"datePublished\":\"2023-04-06T14:23:39+00:00\",\"dateModified\":\"2025-09-03T07:11:03+00:00\",\"description\":\"TEN\u0130K TAKIM San. Tic. Lmt. \u015firketi firman\u0131z\u0131n ihtiya\u00e7 duydu\u011fu \u00f6zel imalat makineler, gerek fason gerek seri imalat ve benzeri i\u015flerin yap\u0131lmas\u0131nda \u015firketinizin yan\u0131nda\",\"breadcrumb\":{\"@id\":\"https:\/\/tekniktakim.org\/#breadcrumb\"},\"inLanguage\":\"tr\",\"potentialAction\":[{\"@type\":\"ReadAction\",\"target\":[\"https:\/\/tekniktakim.org\/\"]}]},{\"@type\":\"ImageObject\",\"inLanguage\":\"tr\",\"@id\":\"https:\/\/tekniktakim.org\/#primaryimage\",\"url\":\"https:\/\/tekniktakim.org\/wp-content\/themes\/hestia\/assets\/img\/feat1.png\",\"contentUrl\":\"https:\/\/tekniktakim.org\/wp-content\/themes\/hestia\/assets\/img\/feat1.png\"},{\"@type\":\"BreadcrumbList\",\"@id\":\"https:\/\/tekniktakim.org\/#breadcrumb\",\"itemListElement\":[{\"@type\":\"ListItem\",\"position\":1,\"name\":\"Anasayfa\",\"item\":\"https:\/\/tekniktakim.org\/\"},{\"@type\":\"ListItem\",\"position\":2,\"name\":\"ANASAYFA\"}]},{\"@type\":\"WebSite\",\"@id\":\"https:\/\/tekniktakim.org\/#website\",\"url\":\"https:\/\/tekniktakim.org\/\",\"name\":\"TEKN\u0130K TAKIM\",\"description\":\"SAN. T\u0130C. LTD. \u015eT\u0130. RBT.\",\"publisher\":{\"@id\":\"https:\/\/tekniktakim.org\/#organization\"},\"potentialAction\":[{\"@type\":\"SearchAction\",\"target\":{\"@type\":\"EntryPoint\",\"urlTemplate\":\"https:\/\/tekniktakim.org\/?s={search_term_string}\"},\"query-input\":{\"@type\":\"PropertyValueSpecification\",\"valueRequired\":true,\"valueName\":\"search_term_string\"}}],\"inLanguage\":\"tr\"},{\"@type\":\"Organization\",\"@id\":\"https:\/\/tekniktakim.org\/#organization\",\"name\":\"TEKN\u0130K TAKIM\",\"url\":\"https:\/\/tekniktakim.org\/\",\"logo\":{\"@type\":\"ImageObject\",\"inLanguage\":\"tr\",\"@id\":\"https:\/\/tekniktakim.org\/#\/schema\/logo\/image\/\",\"url\":\"https:\/\/tekniktakim.org\/wp-content\/uploads\/2025\/09\/cropped-TEKNIK-TAKIM-1-2.png\",\"contentUrl\":\"https:\/\/tekniktakim.org\/wp-content\/uploads\/2025\/09\/cropped-TEKNIK-TAKIM-1-2.png\",\"width\":1173,\"height\":309,\"caption\":\"TEKN\u0130K  TAKIM\"},\"image\":{\"@id\":\"https:\/\/tekniktakim.org\/#\/schema\/logo\/image\/\"}}]}<\/script>\n<!-- \/ Yoast SEO plugin. -->","yoast_head_json":{"title":"ANASAYFA - TEKN\u0130K TAKIM","description":"TEN\u0130K TAKIM San. Tic. Lmt. \u015firketi firman\u0131z\u0131n ihtiya\u00e7 duydu\u011fu \u00f6zel imalat makineler, gerek fason gerek seri imalat ve benzeri i\u015flerin yap\u0131lmas\u0131nda \u015firketinizin yan\u0131nda","robots":{"index":"index","follow":"follow","max-snippet":"max-snippet:-1","max-image-preview":"max-image-preview:large","max-video-preview":"max-video-preview:-1"},"canonical":"https:\/\/tekniktakim.org\/","og_locale":"tr_TR","og_type":"article","og_title":"ANASAYFA - TEKN\u0130K TAKIM","og_description":"TEN\u0130K TAKIM San. Tic. Lmt. \u015firketi firman\u0131z\u0131n ihtiya\u00e7 duydu\u011fu \u00f6zel imalat makineler, gerek fason gerek seri imalat ve benzeri i\u015flerin yap\u0131lmas\u0131nda \u015firketinizin yan\u0131nda","og_url":"https:\/\/tekniktakim.org\/","og_site_name":"TEKN\u0130K TAKIM","article_modified_time":"2025-09-03T07:11:03+00:00","og_image":[{"url":"https:\/\/tekniktakim.org\/wp-content\/themes\/hestia\/assets\/img\/feat1.png","type":"","width":"","height":""}],"twitter_card":"summary_large_image","twitter_misc":{"Tahmini okuma s\u00fcresi":"2 dakika"},"schema":{"@context":"https:\/\/schema.org","@graph":[{"@type":"WebPage","@id":"https:\/\/tekniktakim.org\/","url":"https:\/\/tekniktakim.org\/","name":"ANASAYFA - TEKN\u0130K TAKIM","isPartOf":{"@id":"https:\/\/tekniktakim.org\/#website"},"primaryImageOfPage":{"@id":"https:\/\/tekniktakim.org\/#primaryimage"},"image":{"@id":"https:\/\/tekniktakim.org\/#primaryimage"},"thumbnailUrl":"https:\/\/tekniktakim.org\/wp-content\/themes\/hestia\/assets\/img\/feat1.png","datePublished":"2023-04-06T14:23:39+00:00","dateModified":"2025-09-03T07:11:03+00:00","description":"TEN\u0130K TAKIM San. Tic. Lmt. \u015firketi firman\u0131z\u0131n ihtiya\u00e7 duydu\u011fu \u00f6zel imalat makineler, gerek fason gerek seri imalat ve benzeri i\u015flerin yap\u0131lmas\u0131nda \u015firketinizin yan\u0131nda","breadcrumb":{"@id":"https:\/\/tekniktakim.org\/#breadcrumb"},"inLanguage":"tr","potentialAction":[{"@type":"ReadAction","target":["https:\/\/tekniktakim.org\/"]}]},{"@type":"ImageObject","inLanguage":"tr","@id":"https:\/\/tekniktakim.org\/#primaryimage","url":"https:\/\/tekniktakim.org\/wp-content\/themes\/hestia\/assets\/img\/feat1.png","contentUrl":"https:\/\/tekniktakim.org\/wp-content\/themes\/hestia\/assets\/img\/feat1.png"},{"@type":"BreadcrumbList","@id":"https:\/\/tekniktakim.org\/#breadcrumb","itemListElement":[{"@type":"ListItem","position":1,"name":"Anasayfa","item":"https:\/\/tekniktakim.org\/"},{"@type":"ListItem","position":2,"name":"ANASAYFA"}]},{"@type":"WebSite","@id":"https:\/\/tekniktakim.org\/#website","url":"https:\/\/tekniktakim.org\/","name":"TEKN\u0130K TAKIM","description":"SAN. T\u0130C. LTD. \u015eT\u0130. RBT.","publisher":{"@id":"https:\/\/tekniktakim.org\/#organization"},"potentialAction":[{"@type":"SearchAction","target":{"@type":"EntryPoint","urlTemplate":"https:\/\/tekniktakim.org\/?s={search_term_string}"},"query-input":{"@type":"PropertyValueSpecification","valueRequired":true,"valueName":"search_term_string"}}],"inLanguage":"tr"},{"@type":"Organization","@id":"https:\/\/tekniktakim.org\/#organization","name":"TEKN\u0130K TAKIM","url":"https:\/\/tekniktakim.org\/","logo":{"@type":"ImageObject","inLanguage":"tr","@id":"https:\/\/tekniktakim.org\/#\/schema\/logo\/image\/","url":"https:\/\/tekniktakim.org\/wp-content\/uploads\/2025\/09\/cropped-TEKNIK-TAKIM-1-2.png","contentUrl":"https:\/\/tekniktakim.org\/wp-content\/uploads\/2025\/09\/cropped-TEKNIK-TAKIM-1-2.png","width":1173,"height":309,"caption":"TEKN\u0130K  TAKIM"},"image":{"@id":"https:\/\/tekniktakim.org\/#\/schema\/logo\/image\/"}}]}},"_links":{"self":[{"href":"https:\/\/tekniktakim.org\/index.php?rest_route=\/wp\/v2\/pages\/120","targetHints":{"allow":["GET"]}}],"collection":[{"href":"https:\/\/tekniktakim.org\/index.php?rest_route=\/wp\/v2\/pages"}],"about":[{"href":"https:\/\/tekniktakim.org\/index.php?rest_route=\/wp\/v2\/types\/page"}],"author":[{"embeddable":true,"href":"https:\/\/tekniktakim.org\/index.php?rest_route=\/wp\/v2\/users\/1"}],"replies":[{"embeddable":true,"href":"https:\/\/tekniktakim.org\/index.php?rest_route=%2Fwp%2Fv2%2Fcomments&post=120"}],"version-history":[{"count":3,"href":"https:\/\/tekniktakim.org\/index.php?rest_route=\/wp\/v2\/pages\/120\/revisions"}],"predecessor-version":[{"id":272,"href":"https:\/\/tekniktakim.org\/index.php?rest_route=\/wp\/v2\/pages\/120\/revisions\/272"}],"wp:attachment":[{"href":"https:\/\/tekniktakim.org\/index.php?rest_route=%2Fwp%2Fv2%2Fmedia&parent=120"}],"curies":[{"name":"wp","href":"https:\/\/api.w.org\/{rel}","templated":true}]}}